{"id":193,"date":"2016-04-21T13:15:48","date_gmt":"2016-04-21T12:15:48","guid":{"rendered":"http:\/\/aire-loire.com\/?page_id=193"},"modified":"2021-10-24T13:34:06","modified_gmt":"2021-10-24T11:34:06","slug":"projets-2016","status":"publish","type":"page","link":"https:\/\/aire-loire.fr\/index.php\/projets\/projets-2016\/","title":{"rendered":"Projets 2016"},"content":{"rendered":"\n<div class=\"wp-block-buttons is-content-justification-right is-layout-flex wp-block-buttons-is-layout-flex\">\n<div class=\"wp-block-button\"><a class=\"wp-block-button__link\">Retour aux projets<\/a><\/div>\n<\/div>\n\n\n\n<p><strong>Pr Marie-H\u00e9l\u00e8ne LAFAGE-PROUST&nbsp;: <\/strong><strong>RHUMATOLOGUE<br><\/strong><strong>PROFESSEUR DES UNIV &#8211; PRATICIEN HOSP.<br><\/strong><strong>Sp\u00e9cialit\u00e9 : <\/strong><strong>Biologie cellulaire<\/strong><\/p>\n\n\n\n<p>L\u2019insuffisance r\u00e9nale est responsable de probl\u00e8mes osseux graves qui peuvent conduire \u00e0 des fractures plus fr\u00e9quentes. Le d\u00e9pistage pr\u00e9coce de ces probl\u00e8mes osseux pourrait permettre d\u2019initier des traitements plus rapidement et donc plus efficaces. Ce travail se propose d\u2019\u00e9tudier des prot\u00e9ines pr\u00e9sentes dans le sang et dont le dosage pourrait faciliter le diagnostic de ces troubles osseux.<\/p>\n\n\n\n<p><strong>Dr Karine ABBOUD<\/strong><strong>&nbsp;: CHIRURGIEN<br><\/strong><strong>Chirurgie G\u00e9n\u00e9rale&nbsp;: Visc\u00e9rale et Thoracique CHU<\/strong><\/p>\n\n\n\n<p>La fonte musculaire est un facteur pronostic p\u00e9joratif majeur chez le patient canc\u00e9reux, et une pr\u00e9servation du capital musculaire semble donc &nbsp;essentielle.<\/p>\n\n\n\n<p>Des \u00e9tudes chez la souris ont montr\u00e9&nbsp; que la pr\u00e9sence en exc\u00e8s d\u2019une certaine prot\u00e9ine, la myostatine joue un r\u00f4le fondamental dans la fonte musculaire. L\u2019objectif de ce projet est de d\u00e9terminer si la myostatine est aussi un marqueur de la perte de masse musculaire chez le patient canc\u00e9reux digestif, objectif indispensable pour proposer de nouveaux traitements sp\u00e9cifiques.<\/p>\n\n\n\n<p><strong>Dr David HUPIN&nbsp;: <\/strong><strong>MEDECIN<br><\/strong><strong>Assistant Hospitalier Universitaire<br><\/strong><strong>Sp\u00e9cialit\u00e9 :<\/strong><strong> Physiologie&nbsp;: explorations fonctionnelles et cardiaques<\/strong><\/p>\n\n\n\n<p>La dispensation d\u2019activit\u00e9 physique chez la personne \u00e2g\u00e9e vivant en \u00e9tablissement d\u2019h\u00e9bergement est certes peu pr\u00e9sente aujourd\u2019hui, mais am\u00e9liore nettement la qualit\u00e9 de vie et l\u2019autonomie de ces personnes.<\/p>\n\n\n\n<p>Cette \u00e9tude vise \u00e0 am\u00e9liorer le cadre de prescription de celle-ci, en comparant les b\u00e9n\u00e9fices sur l\u2019autonomie et la qualit\u00e9 de vie des patients de la dispensation d\u2019une ou trois s\u00e9ances hebdomadaires.<\/p>\n","protected":false},"excerpt":{"rendered":"<p>Pr Marie-H\u00e9l\u00e8ne LAFAGE-PROUST&nbsp;: RHUMATOLOGUEPROFESSEUR DES UNIV &#8211; PRATICIEN HOSP.Sp\u00e9cialit\u00e9 : Biologie cellulaire L\u2019insuffisance r\u00e9nale est responsable de probl\u00e8mes osseux graves qui peuvent conduire \u00e0 des fractures plus fr\u00e9quentes. Le d\u00e9pistage pr\u00e9coce de ces probl\u00e8mes osseux pourrait permettre d\u2019initier des traitements plus rapidement et donc plus efficaces. Ce travail se propose d\u2019\u00e9tudier des prot\u00e9ines pr\u00e9sentes dans [&hellip;]<\/p>\n","protected":false},"author":1,"featured_media":0,"parent":34,"menu_order":0,"comment_status":"closed","ping_status":"closed","template":"","meta":{"footnotes":""},"class_list":["post-193","page","type-page","status-publish","hentry"],"_links":{"self":[{"href":"https:\/\/aire-loire.fr\/index.php\/wp-json\/wp\/v2\/pages\/193","targetHints":{"allow":["GET"]}}],"collection":[{"href":"https:\/\/aire-loire.fr\/index.php\/wp-json\/wp\/v2\/pages"}],"about":[{"href":"https:\/\/aire-loire.fr\/index.php\/wp-json\/wp\/v2\/types\/page"}],"author":[{"embeddable":true,"href":"https:\/\/aire-loire.fr\/index.php\/wp-json\/wp\/v2\/users\/1"}],"replies":[{"embeddable":true,"href":"https:\/\/aire-loire.fr\/index.php\/wp-json\/wp\/v2\/comments?post=193"}],"version-history":[{"count":3,"href":"https:\/\/aire-loire.fr\/index.php\/wp-json\/wp\/v2\/pages\/193\/revisions"}],"predecessor-version":[{"id":575,"href":"https:\/\/aire-loire.fr\/index.php\/wp-json\/wp\/v2\/pages\/193\/revisions\/575"}],"up":[{"embeddable":true,"href":"https:\/\/aire-loire.fr\/index.php\/wp-json\/wp\/v2\/pages\/34"}],"wp:attachment":[{"href":"https:\/\/aire-loire.fr\/index.php\/wp-json\/wp\/v2\/media?parent=193"}],"curies":[{"name":"wp","href":"https:\/\/api.w.org\/{rel}","templated":true}]}}