{"id":315,"date":"2018-02-22T12:55:30","date_gmt":"2018-02-22T11:55:30","guid":{"rendered":"http:\/\/aire-loire.fr\/?page_id=315"},"modified":"2021-10-24T13:35:46","modified_gmt":"2021-10-24T11:35:46","slug":"projets-2018","status":"publish","type":"page","link":"https:\/\/aire-loire.fr\/index.php\/projets\/projets-2018\/","title":{"rendered":"Projets 2018"},"content":{"rendered":"\n<div class=\"wp-block-buttons is-content-justification-right is-layout-flex wp-block-buttons-is-layout-flex\">\n<div class=\"wp-block-button\"><a class=\"wp-block-button__link\">Retour aux projets<\/a><\/div>\n<\/div>\n\n\n\n<h3 class=\"wp-block-heading\">L\u2019Aide \u00e0 la Recherche M\u00e9dicale de proximit\u00e9 soutient chaque ann\u00e9e trois projets de recherche&nbsp;au CHU.<\/h3>\n\n\n\n<h3 class=\"wp-block-heading\">En 2018, les laur\u00e9ats sont :<\/h3>\n\n\n\n<figure class=\"wp-block-table\"><table><tbody><tr><td><a href=\"https:\/\/aire-loire.fr\/wp-content\/uploads\/2018\/02\/David-Charier.jpg\"><img decoding=\"async\" class=\"aligncenter wp-image-325 size-thumbnail\" src=\"https:\/\/aire-loire.fr\/wp-content\/uploads\/2018\/02\/David-Charier-150x150.jpg\" alt=\"\" width=\"150\" height=\"150\"><\/a><\/td><td><a href=\"https:\/\/aire-loire.fr\/wp-content\/uploads\/2018\/02\/Alexandre-Jentzer.jpg\"><img decoding=\"async\" class=\"aligncenter size-thumbnail wp-image-327\" src=\"https:\/\/aire-loire.fr\/wp-content\/uploads\/2018\/02\/Alexandre-Jentzer-150x150.jpg\" alt=\"\" width=\"150\" height=\"150\"><\/a><\/td><td><a href=\"https:\/\/aire-loire.fr\/wp-content\/uploads\/2018\/02\/Nicolas-WILLIET.jpg\"><img decoding=\"async\" class=\"aligncenter size-thumbnail wp-image-328\" src=\"https:\/\/aire-loire.fr\/wp-content\/uploads\/2018\/02\/Nicolas-WILLIET-150x150.jpg\" alt=\"\" width=\"150\" height=\"150\"><\/a><\/td><\/tr><tr><td><strong>David Charier<br><\/strong>Anesth\u00e9siste-r\u00e9animateur\n<p>&nbsp;<\/p>\n<p>\u00c9valuation de la douleur en temps r\u00e9el chez des sujets<br>sous anesth\u00e9sie g\u00e9n\u00e9rale.<\/p>\n<\/td><td><strong>Alexandre Jentzer<br><\/strong>Interne en biologie m\u00e9dicale\n<p>&nbsp;<\/p>\n<p>Projet <strong>ReCoH-FERON<\/strong>&nbsp;:<br>Un test sanguin pour pr\u00e9dire une infection virale du tube<br>digestif au cours d\u2019une maladie inflammatoire de l\u2019intestin.<\/p>\n<\/td><td><strong>Nicolas Williet<\/strong><br>Interne Service d\u2019H\u00e9patogastro-enterologie\n<p>&nbsp;<\/p>\n<p>Projet <strong>ADIPAN 1<\/strong>:<br>l\u2019Adiponectine comme biomarqueur potentiel de diagnostic pr\u00e9coce du cancer du pancr\u00e9as chez les patients diab\u00e9tiques.<\/p>\n<\/td><\/tr><\/tbody><\/table><\/figure>\n","protected":false},"excerpt":{"rendered":"<p>L\u2019Aide \u00e0 la Recherche M\u00e9dicale de proximit\u00e9 soutient chaque ann\u00e9e trois projets de recherche&nbsp;au CHU. En 2018, les laur\u00e9ats sont : David CharierAnesth\u00e9siste-r\u00e9animateur &nbsp; \u00c9valuation de la douleur en temps r\u00e9el chez des sujetssous anesth\u00e9sie g\u00e9n\u00e9rale. Alexandre JentzerInterne en biologie m\u00e9dicale &nbsp; Projet ReCoH-FERON&nbsp;:Un test sanguin pour pr\u00e9dire une infection virale du tubedigestif au cours [&hellip;]<\/p>\n","protected":false},"author":1,"featured_media":0,"parent":34,"menu_order":0,"comment_status":"closed","ping_status":"closed","template":"","meta":{"footnotes":""},"class_list":["post-315","page","type-page","status-publish","hentry"],"_links":{"self":[{"href":"https:\/\/aire-loire.fr\/index.php\/wp-json\/wp\/v2\/pages\/315","targetHints":{"allow":["GET"]}}],"collection":[{"href":"https:\/\/aire-loire.fr\/index.php\/wp-json\/wp\/v2\/pages"}],"about":[{"href":"https:\/\/aire-loire.fr\/index.php\/wp-json\/wp\/v2\/types\/page"}],"author":[{"embeddable":true,"href":"https:\/\/aire-loire.fr\/index.php\/wp-json\/wp\/v2\/users\/1"}],"replies":[{"embeddable":true,"href":"https:\/\/aire-loire.fr\/index.php\/wp-json\/wp\/v2\/comments?post=315"}],"version-history":[{"count":10,"href":"https:\/\/aire-loire.fr\/index.php\/wp-json\/wp\/v2\/pages\/315\/revisions"}],"predecessor-version":[{"id":577,"href":"https:\/\/aire-loire.fr\/index.php\/wp-json\/wp\/v2\/pages\/315\/revisions\/577"}],"up":[{"embeddable":true,"href":"https:\/\/aire-loire.fr\/index.php\/wp-json\/wp\/v2\/pages\/34"}],"wp:attachment":[{"href":"https:\/\/aire-loire.fr\/index.php\/wp-json\/wp\/v2\/media?parent=315"}],"curies":[{"name":"wp","href":"https:\/\/api.w.org\/{rel}","templated":true}]}}