{"id":405,"date":"2019-02-21T19:18:37","date_gmt":"2019-02-21T18:18:37","guid":{"rendered":"http:\/\/aire-loire.fr\/?page_id=405"},"modified":"2019-02-21T20:09:37","modified_gmt":"2019-02-21T19:09:37","slug":"2019-pierre-labeix","status":"publish","type":"page","link":"https:\/\/aire-loire.fr\/index.php\/2019-pierre-labeix\/","title":{"rendered":"2019: Pierre Labeix"},"content":{"rendered":"\n<div class=\"wp-block-media-text alignwide\"><figure class=\"wp-block-media-text__media\"><img decoding=\"async\" width=\"201\" height=\"300\" src=\"https:\/\/aire-loire.fr\/wp-content\/uploads\/2019\/02\/IMG_2104-e1550773392735-201x300.jpg\" alt=\"\" class=\"wp-image-411\" srcset=\"https:\/\/aire-loire.fr\/wp-content\/uploads\/2019\/02\/IMG_2104-e1550773392735-201x300.jpg 201w, https:\/\/aire-loire.fr\/wp-content\/uploads\/2019\/02\/IMG_2104-e1550773392735.jpg 428w\" sizes=\"(max-width: 201px) 100vw, 201px\" \/><\/figure><div class=\"wp-block-media-text__content\">\n<h5 class=\"wp-block-heading\" id=\"mce_0\"><strong>\u00c9valuation Nocturne de l&rsquo;Entra\u00eenement des Muscles Inspiratoire dans les Syndromes d&rsquo;Apn\u00e9e-hypopn\u00e9e Obstuctive du Sommeil : ENEMI-SAOS<\/strong><\/h5>\n<\/div><\/div>\n\n\n\n<h5 class=\"wp-block-heading\">Pierre LABEIX : Masseur Kin\u00e9sith\u00e9rapeute au CHU Saint-Etienne, centre VISAS, Doctorant Science ing\u00e9nierie et sant\u00e9, Universit\u00e9 Jean Monnet Saint-Etienne.<\/h5>\n\n\n\n<h6 class=\"wp-block-heading\">Amandine ZELLAG : Etudiante 4<sup>\u00e8me<\/sup> ann\u00e9e IFMK saint-michel, et Master 1 Universit\u00e9 Jean Monnet.<br>Dr David HUPIN : centre VISAS et M\u00e9decine du Sport, CHU Saint-Etienne<br>Pr Fr\u00e9d\u00e9ric ROCHE : centre VISAS, service de physiologie clinique et de l&rsquo;exercice, CHU Saint-Etienne. <\/h6>\n\n\n\n<p>Chez les patients souffrant d&rsquo;apn\u00e9es du sommeil, les muscles dilatateurs du pharynx se referment au moment de l&rsquo;inspiration, emp\u00eachant l\u2019air de circuler. Cette fermeture peut \u00eatre li\u00e9e \u00e0 une faiblesse musculaire dans cette zone particuli\u00e8re.&nbsp; Nous savons que le renforcement des muscles inspiratoires avec un appareil de r\u00e9entrainement sp\u00e9cifique permet de stimuler, en r\u00e9ponse, les muscles de la gorge. Cependant, \u00e0 ce jour, aucune \u00e9tude n&rsquo;a montr\u00e9 que le renforcement des muscles inspiratoires permettrait de renforcer aussi les muscles du pharynx d\u00e9ficitaire chez les patients apn\u00e9iques, donc am\u00e9liorer leur pathologie. Notre \u00e9tude ENEMI-SAOS se propose donc d&rsquo;\u00e9valuer l\u2019efficacit\u00e9 d&rsquo;un renforcement des muscles inspiratoires chez les patients ayant un syndrome d&rsquo;apn\u00e9e du sommeil.<\/p>\n","protected":false},"excerpt":{"rendered":"<p>\u00c9valuation Nocturne de l&rsquo;Entra\u00eenement des Muscles Inspiratoire dans les Syndromes d&rsquo;Apn\u00e9e-hypopn\u00e9e Obstuctive du Sommeil : ENEMI-SAOS Pierre LABEIX : Masseur Kin\u00e9sith\u00e9rapeute au CHU Saint-Etienne, centre VISAS, Doctorant Science ing\u00e9nierie et sant\u00e9, Universit\u00e9 Jean Monnet Saint-Etienne. Amandine ZELLAG : Etudiante 4\u00e8me ann\u00e9e IFMK saint-michel, et Master 1 Universit\u00e9 Jean Monnet.Dr David HUPIN : centre VISAS et [&hellip;]<\/p>\n","protected":false},"author":1,"featured_media":0,"parent":0,"menu_order":0,"comment_status":"closed","ping_status":"closed","template":"template-new-patient-sidebar-left.php","meta":{"footnotes":""},"class_list":["post-405","page","type-page","status-publish","hentry"],"_links":{"self":[{"href":"https:\/\/aire-loire.fr\/index.php\/wp-json\/wp\/v2\/pages\/405","targetHints":{"allow":["GET"]}}],"collection":[{"href":"https:\/\/aire-loire.fr\/index.php\/wp-json\/wp\/v2\/pages"}],"about":[{"href":"https:\/\/aire-loire.fr\/index.php\/wp-json\/wp\/v2\/types\/page"}],"author":[{"embeddable":true,"href":"https:\/\/aire-loire.fr\/index.php\/wp-json\/wp\/v2\/users\/1"}],"replies":[{"embeddable":true,"href":"https:\/\/aire-loire.fr\/index.php\/wp-json\/wp\/v2\/comments?post=405"}],"version-history":[{"count":4,"href":"https:\/\/aire-loire.fr\/index.php\/wp-json\/wp\/v2\/pages\/405\/revisions"}],"predecessor-version":[{"id":420,"href":"https:\/\/aire-loire.fr\/index.php\/wp-json\/wp\/v2\/pages\/405\/revisions\/420"}],"wp:attachment":[{"href":"https:\/\/aire-loire.fr\/index.php\/wp-json\/wp\/v2\/media?parent=405"}],"curies":[{"name":"wp","href":"https:\/\/api.w.org\/{rel}","templated":true}]}}